{"id":12,"date":"2021-01-12T18:56:00","date_gmt":"2021-01-12T18:56:00","guid":{"rendered":"https:\/\/verein.foodsharing.at\/wordpress\/?page_id=12"},"modified":"2025-12-28T05:40:39","modified_gmt":"2025-12-28T05:40:39","slug":"impressum","status":"publish","type":"page","link":"https:\/\/steiermark.foodsharing.at\/index.php\/impressum\/","title":{"rendered":"Impressum"},"content":{"rendered":"\n<p><\/p>\n\n\n\n<h5 class=\"wp-block-heading\" id=\"block-7a5f1b91-160e-4ed0-840b-1ac0055b658f\">foodsharing Steiermark<br>Verein zur Vermeidung von Lebensmittelabf\u00e4llen Steiermark<\/h5>\n\n\n\n<h5 class=\"wp-block-heading\" id=\"block-7a5f1b91-160e-4ed0-840b-1ac0055b658f\">Vorsitzender<br>Andreas Koseak<br>Sch\u00f6naug\u00fcrtel 19<br>8010 Graz<\/h5>\n\n\n\n<p id=\"block-7a5f1b91-160e-4ed0-840b-1ac0055b658f\"><\/p>\n\n\n\n<h5 class=\"wp-block-heading\" id=\"block-7a5f1b91-160e-4ed0-840b-1ac0055b658f\">Tel.: +43 680 1460835<br><br><a href=\"mailto:steiermark@foodsharing.network\">steiermark@foodsharing.network<\/a><br><br><a href=\"https:\/\/steiermark.foodsharing.at\/\">steiermark.foodsharing.at<\/a><br><br>ZVR: 1847096008<br>IBAN: AT08 1200 0100 3340 0184<br>BIC: BKAUATWW<\/h5>\n\n\n\n<h5 class=\"wp-block-heading\" id=\"block-7a5f1b91-160e-4ed0-840b-1ac0055b658f\"><\/h5>\n\n\n\n<p><\/p>\n","protected":false},"excerpt":{"rendered":"<p>foodsharing SteiermarkVerein zur Vermeidung von Lebensmittelabf\u00e4llen Steiermark VorsitzenderAndreas KoseakSch\u00f6naug\u00fcrtel 198010 Graz Tel.: +43 680 1460835 steiermark@foodsharing.network steiermark.foodsharing.at ZVR: 1847096008IBAN: AT08 1200 0100 3340 0184BIC: BKAUATWW<\/p>\n","protected":false},"author":1,"featured_media":0,"parent":0,"menu_order":0,"comment_status":"closed","ping_status":"closed","template":"","meta":{"footnotes":""},"class_list":["post-12","page","type-page","status-publish","hentry"],"_links":{"self":[{"href":"https:\/\/steiermark.foodsharing.at\/index.php\/wp-json\/wp\/v2\/pages\/12","targetHints":{"allow":["GET"]}}],"collection":[{"href":"https:\/\/steiermark.foodsharing.at\/index.php\/wp-json\/wp\/v2\/pages"}],"about":[{"href":"https:\/\/steiermark.foodsharing.at\/index.php\/wp-json\/wp\/v2\/types\/page"}],"author":[{"embeddable":true,"href":"https:\/\/steiermark.foodsharing.at\/index.php\/wp-json\/wp\/v2\/users\/1"}],"replies":[{"embeddable":true,"href":"https:\/\/steiermark.foodsharing.at\/index.php\/wp-json\/wp\/v2\/comments?post=12"}],"version-history":[{"count":6,"href":"https:\/\/steiermark.foodsharing.at\/index.php\/wp-json\/wp\/v2\/pages\/12\/revisions"}],"predecessor-version":[{"id":161,"href":"https:\/\/steiermark.foodsharing.at\/index.php\/wp-json\/wp\/v2\/pages\/12\/revisions\/161"}],"wp:attachment":[{"href":"https:\/\/steiermark.foodsharing.at\/index.php\/wp-json\/wp\/v2\/media?parent=12"}],"curies":[{"name":"wp","href":"https:\/\/api.w.org\/{rel}","templated":true}]}}